e (200/750)/((-4)/(-30)). Calculate the greatest common divisor of 250 and u.
2
Let k = -106 - -132. What is the highest common divisor of 52 and k?
26
Suppose -13*m - 196 = -11*m. Let r = 194 + m. Calculate the greatest common factor of 12 and r.
12
Let m be 17 - 203 - (-2*2 - -1). Let y = 136 - m. What is the greatest common factor of y and 29?
29
Let r = -612 - -672. What is the highest common factor of 5 and r?
5
Suppose -3*w + 2*f + 92 = f, 5*f = -10. Suppose -13 = 3*r - 4*g - 81, 4*r - 78 = -g. Calculate the highest common divisor of r and w.
10
Suppose -4*t + 7*t - 6 = 3*z, 0 = 3*t - z - 10. Suppose -4*o = o - 3*a - 340, t*o + 5*a - 272 = 0. Calculate the greatest common divisor of 170 and o.
34
Suppose -4*g = 3*p - 1792, -393 - 203 = -p - g. What is the highest common factor of 16 and p?
16
Suppose -2*n - 12 + 2 = -m, n = -5*m + 17. Let h be 384/10*(1 + m). Calculate the greatest common factor of h and 24.
24
Suppose 171 = 12*w - 105. Suppose -2*t = -10 - 82. What is the highest common factor of w and t?
23
Let k(l) = l**2 + 7*l - 2. Let t be k(-7). Let v be (t + 84/20)*5. Suppose -18 = -5*q + 37. What is the highest common factor of v and q?
11
Suppose 3 = 3*s + 4*j, -j - 16 = -2*s + j. Let v(b) = -b**2 + 6*b - 3 - s + 6*b - b. Let w be v(6). What is the greatest common divisor of 198 and w?
22
Let z(s) = -s**3 - 4*s**2 - 12*s - 10. Let f be z(-5). Calculate the greatest common factor of 3 and f.
3
Let y be (-16925)/(-6) - 32/(-192). What is the highest common factor of 91 and y?
91
Let p = 22 + -10. Suppose 0 = -4*h + 2 - 22, v = -2*h - 40. Let t = -12 - v. What is the highest common divisor of p and t?
6
Let o = 1918 + -1903. Calculate the greatest common divisor of o and 1815.
15
Let t(o) = 3*o + 3. Let a(q) = -q - 1. Let z(f) = 4*a(f) + 2*t(f). Let p be z(4). Calculate the highest common factor of 30 and p.
10
Suppose -7*r + 16 = -3*r. Suppose 0*k - 792 = -r*k. Suppose -3 = 2*g + 7*p - 19, 0 = -4*p - 16. Calculate the greatest common factor of k and g.
22
Let h be (-329)/(-3) + 1/3. Let x = 5 - 2. Suppose x*r - 2*z = 20, -5*r + 4*z = -4*r + 10. What is the highest common divisor of h and r?
10
Suppose 0 = 19*p - 27*p + 224. Suppose -12 = -3*y + n + 4, 2*n - 10 = 0. Calculate the highest common factor of y and p.
7
Suppose 0 = 2*f - 7*f - 10, -m + 2*f + 120 = 0. Calculate the highest common divisor of 696 and m.
116
Suppose -2*n = 0, 2*n - 14384 = -4*j - 0*n. Calculate the greatest common factor of 116 and j.
116
Let q(h) = 2*h**3 + 24*h**2 - 31*h - 32. Let s be q(-13). Suppose 0*t - 483 = -3*t + 4*j, -3*t + 501 = 2*j. What is the greatest common divisor of t and s?
33
Let o = 148 + -108. Suppose 174*c + o = 179*c. Calculate the greatest common factor of 6 and c.
2
Suppose -16 = c - 21. Calculate the greatest common divisor of 1 and c.
1
Let x be (-3546)/(-126) - 18/(-21). Calculate the highest common divisor of x and 145.
29
Suppose 3*x - 2*x = 0. Suppose 2*f + 0*f - 96 = x. Let r be -7*(-1)/(21/18). Calculate the highest common divisor of r and f.
6
Suppose -2*c = -4*c + 16. Suppose -c*b + 90 + 54 = 0. Suppose -6*i = -i - 810. What is the greatest common divisor of i and b?
18
Let x = -23 + 53. Suppose -2*m + 11*m = 117. Let j = 58 - m. Calculate the highest common factor of x and j.
15
Let m = -408 - -940. Calculate the greatest common divisor of m and 56.
28
Let y be 18/(-24) + 22/8. Suppose 16 = 3*n - y*s, -5*s = 5*n - 0*s - 35. What is the highest common factor of n and 54?
6
Let q = -518 - -519. Let w = 4 + 0. What is the greatest common factor of q and w?
1
Let b be (8/(-3))/(4/(-18)). Let n be 0/(4*b/16). Suppose -2*x - 5*u = -145 + 25, n = -5*x - 3*u + 300. What is the greatest common factor of x and 24?
12
Let f be 1/(-2)*-2*2. Suppose -20 = -3*m + 2*g - 6*g, f*g + 42 = 5*m. Calculate the greatest common divisor of m and 12.
4
Suppose 0 = 10*l + 10 - 20. Calculate the greatest common divisor of 3 and l.
1
Let p be (-49)/(-3)*2052/126. Calculate the highest common divisor of p and 98.
14
Suppose -686 = 17*z - 6636. Calculate the highest common divisor of 14 and z.
14
Let g(j) = -16*j - 2 + 9*j**2 + 6 + j**3 - 2 + 6*j. Let y be g(-10). Let z be 4/(-10) - (-112)/5. What is the highest common factor of y and z?
2
Let i = -453 - -504. What is the highest common factor of 12 and i?
3
Let r be (-18)/8*(-128)/6. Let p be (4 - (-112)/(-24))/((-4)/18). Calculate the highest common divisor of p and r.
3
Let n(j) = 3*j - 112. Let d be n(44). Calculate the highest common divisor of d and 76.
4
Suppose 0 = -q - v + 115, 3*v + 385 = 3*q - 2*v. What is the greatest common divisor of 30 and q?
30
Let q(b) be the first derivative of 9*b**4/4 - b**3/3 + b**2/2 - b - 2. Let j be q(1). Calculate the highest common factor of 88 and j.
8
Let i = -5 + 11. Suppose 3*h = -i + 54. What is the greatest common factor of h and 128?
16
Suppose -5*i = -15*i + 5740. Calculate the greatest common factor of 14 and i.
14
Suppose 14*o - 34 - 78 = 0. Let b = 1 + 7. What is the highest common divisor of o and b?
8
Let d = 372 - 722. Let i be (66/5)/((-15)/d). Calculate the greatest common divisor of i and 28.
28
Let f(k) = -2*k**3 + 14*k**2 + 20*k - 22. Let t be f(8). Calculate the greatest common divisor of t and 90.
10
Suppose -50*t - 3144 = -58*t. Calculate the greatest common divisor of t and 3.
3
Suppose 0 + 10 = -10*w. Let u be 44 - (12 + -16 - (-3 + w)). Calculate the highest common factor of 396 and u.
44
Suppose s - 5*a - 1 = 2, -s = 5*a - 13. Suppose 0 = s*r - 714 - 374. Calculate the greatest common divisor of r and 34.
34
Suppose 2*o = -3*m + 29 - 4, -3 = -m + 2*o. Suppose 121 = 2*n - j + 2*j, 0 = -2*j - 10. Let b = n + -56. Calculate the highest common factor of m and b.
7
Suppose 2*p + 604 = 4*q + 7*p, -476 = -3*q + 2*p. What is the highest common factor of 4 and q?
4
Let a(w) be the third derivative of -w**5/60 - w**4/4 - w**3/3 - 7*w**2. Let g be a(-4). Calculate the highest common divisor of 18 and g.
6
Let w = 1209 + -1189. What is the greatest common divisor of 1640 and w?
20
Suppose 1341 = 10*j - j. Let u = j + -137. Calculate the greatest common divisor of 132 and u.
12
Let q be 10/115 - 4224/(-92). Calculate the greatest common divisor of q and 184.
46
Let f be ((-2)/(-4))/(6/576). Let m be f/10 - (-7)/35. Suppose m*r + 0*r - 45 = 5*a, -10 = 2*r + 5*a. Calculate the highest common divisor of r and 20.
5
Suppose -v + 7*a + 1878 = 4*a, -v + 1864 = 4*a. Suppose 3*s - 16*s = -v. Calculate the greatest common divisor of s and 16.
16
Let q(z) = -z**3 + z**2 - z + 23. Let w be q(0). Let p(u) = u + 23. Let d be p(0). What is the greatest common divisor of d and w?
23
Let b(g) = 0 + g - 9*g + 1. Suppose 0 = 5*a - 0*a - 3*l, -2*a + 14 = -4*l. Let m be b(a). What is the greatest common factor of 75 and m?
25
Let o be 3/6*(-3 + -1). Let z = o - -27. Let m = z + -21. Calculate the greatest common divisor of m and 16.
4
Suppose -48 = -0*x + 3*x. Let j = 698 - 418. Let c be (x/40)/((-2)/j). What is the highest common divisor of 8 and c?
8
Let k(f) = f**2 - 4*f + 1. Let a be k(-4). What is the highest common factor of a and 33?
33
Let y be 15/20 + 3/12. Let o be (y*-3)/(3/34). Let v be (5 - 2)/((-2)/o). Calculate the highest common divisor of 34 and v.
17
Let v = 60 - 18. Let d be 140/v + (-2)/(-3). Suppose d*k = -k + 70. What is the highest common divisor of k and 28?
14
Let q be ((-18)/21)/(2/(-14)). Suppose 0 = b + 2*b - q. Calculate the highest common factor of 14 and b.
2
Let v = -2016 + 2072. Suppose -3*j + 12 = -3*y - 21, 4*j - 16 = -3*y. What is the highest common factor of j and v?
7
Let p be (1/(-3))/((-1)/9). Let f(h) = -9 + p*h - 1 - 2*h + 3. Let w be f(12). Calculate the highest common factor of w and 20.
5
Let c = -71 + 83. Let w be 0/(4 - (2 + 0)). Suppose -j = -w*j - 5*p - 80, p - 296 = -5*j. Calculate the highest common divisor of j and c.
12
Let z(p) = p. Let c = 94 + -85. Let h be z(c). What is the highest common divisor of 9 and h?
9
Suppose -3 = 2*w - 93. Calculate the greatest common factor of 15 and w.
15
Let o be 6/4*(-4)/(-2). Let v(h) = 5*h + 37. Let n be v(-7). Suppose -58 = -3*t + n*x, -3*t - o*x = -0*t - 33. Calculate the greatest common factor of t and 8.
8
Suppose 656 = 5*n + 77*n. What is the greatest common divisor 